en 27437 is divided by 538?
537
Calculate the remainder when 11971 is divided by 2984.
35
Calculate the remainder when 108018 is divided by 51.
0
What is the remainder when 3111 is divided by 1271?
569
Calculate the remainder when 1026877 is divided by 53.
2
Calculate the remainder when 293325 is divided by 168.
165
What is the remainder when 10832 is divided by 3607?
11
Calculate the remainder when 34080 is divided by 10.
0
What is the remainder when 120712 is divided by 354?
352
What is the remainder when 17528 is divided by 31?
13
Calculate the remainder when 7332 is divided by 5791.
1541
Calculate the remainder when 365379 is divided by 27.
15
Calculate the remainder when 31048 is divided by 1036.
1004
What is the remainder when 280 is divided by 40?
0
What is the remainder when 88783 is divided by 683?
676
What is the remainder when 810445 is divided by 123?
121
What is the remainder when 13925 is divided by 208?
197
Calculate the remainder when 8476 is divided by 652.
0
What is the remainder when 3889 is divided by 726?
259
Calculate the remainder when 70137 is divided by 1002.
999
Calculate the remainder when 192813 is divided by 20.
13
What is the remainder when 2645 is divided by 25?
20
What is the remainder when 1125 is divided by 32?
5
Calculate the remainder when 34169 is divided by 1220.
9
Calculate the remainder when 60734 is divided by 32.
30
What is the remainder when 24866 is divided by 323?
318
What is the remainder when 36217 is divided by 37?
31
What is the remainder when 61440 is divided by 1078?
1072
Calculate the remainder when 6437 is divided by 6223.
214
What is the remainder when 98782 is divided by 252?
250
Calculate the remainder when 21343 is divided by 1657.
1459
Calculate the remainder when 2090 is divided by 405.
65
What is the remainder when 5970 is divided by 355?
290
Calculate the remainder when 5762 is divided by 289.
271
Calculate the remainder when 1728747 is divided by 406.
405
Calculate the remainder when 3215677 is divided by 503.
501
Calculate the remainder when 1527139 is divided by 231.
229
What is the remainder when 29765 is divided by 4246?
43
Calculate the remainder when 69126 is divided by 34555.
16
What is the remainder when 93885 is divided by 60?
45
Calculate the remainder when 2347 is divided by 253.
70
Calculate the remainder when 193913 is divided by 171.
170
What is the remainder when 1168639 is divided by 220?
219
Calculate the remainder when 133882 is divided by 42.
28
What is the remainder when 198541 is divided by 92?
5
What is the remainder when 5404 is divided by 659?
132
Calculate the remainder when 926791 is divided by 47.
45
What is the remainder when 46784 is divided by 26?
10
Calculate the remainder when 126842 is divided by 10568.
26
Calculate the remainder when 3577 is divided by 3517.
60
Calculate the remainder when 19769 is divided by 3292.
17
What is the remainder when 1184 is divided by 404?
376
Calculate the remainder when 15423 is divided by 670.
13
Calculate the remainder when 6337 is divided by 500.
337
What is the remainder when 843114 is divided by 221?
220
What is the remainder when 5842 is divided by 1164?
22
What is the remainder when 25054 is divided by 283?
150
What is the remainder when 370047 is divided by 50?
47
Calculate the remainder when 71246 is divided by 11.
10
Calculate the remainder when 230142 is divided by 171.
147
Calculate the remainder when 635 is divided by 421.
214
Calculate the remainder when 38787 is divided by 236.
83
What is the remainder when 517601 is divided by 21?
14
What is the remainder when 10603 is divided by 2644?
27
What is the remainder when 7617 is divided by 125?
117
Calculate the remainder when 26497 is divided by 6622.
9
What is the remainder when 9817 is divided by 3230?
127
What is the remainder when 382703 is divided by 42521?
14
Calculate the remainder when 2762 is divided by 1355.
52
Calculate the remainder when 150842 is divided by 493.
477
Calculate the remainder when 80226 is divided by 263.
11
Calculate the remainder when 264532 is divided by 37.
19
Calculate the remainder when 9202 is divided by 144.
130
Calculate the remainder when 7338 is divided by 22.
12
Calculate the remainder when 26764 is divided by 569.
21
What is the remainder when 3515 is divided by 1674?
167
What is the remainder when 57712 is divided by 57700?
12
What is the remainder when 40606 is divided by 20?
6
What is the remainder when 3673 is divided by 1249?
1175
What is the remainder when 9264 is divided by 47?
5
What is the remainder when 517 is divided by 325?
192
What is the remainder when 20802 is divided by 219?
216
What is the remainder when 1462 is divided by 6?
4
Calculate the remainder when 14050 is divided by 78.
10
Calculate the remainder when 2385 is divided by 768.
81
What is the remainder when 31699 is divided by 1376?
51
Calculate the remainder when 11944 is divided by 2972.
56
What is the remainder when 184731 is divided by 594?
591
Calculate the remainder when 4379 is divided by 219.
218
Calculate the remainder when 265005 is divided by 264991.
14
Calculate the remainder when 7214 is divided by 211.
40
What is the remainder when 40645 is divided by 616?
605
Calculate the remainder when 2044460 is divided by 59.
51
Calculate the remainder when 16279 is divided by 814.
813
Calculate the remainder when 43476 is divided by 14492.
0
What is the remainder when 9323 is divided by 641?
349
Calculate the remainder when 4658 is divided by 155.
8
Calculate the remainder when 10941 is divided by 768.
189
What is the remainder when 55172 is divided by 11033?
7
Calculate the remainder when 13624 is divided by 13619.
5
What is the remainder when 8188 is divided by 92?
0
What is the remainder when 75065 is divided by 21?
11
What is the remainder when 1498 is divided by 46?
26
What is the remainder when 6045 is divided by 661?
96
What is the remainder when 4864 is divided by 1312?
928
Calculate the remainder when 2761 is divided by 322.
185
What is the remainder when 35707 is divided by 372?
367
Calculate the remainder when 1420 is divided by 128.
12
Calculate the remainder when 719605 is divided by 38.
37
What is the remainder when 2544 is divided by 2544?
0
What is the remainder when 779 is divided by 233?
80
What is the remainder when 1746239 is divided by 816?
815
What is the remainder when 154323 is divided by 122?
115
What is the remainder when 1737250 is divided by 767?
762
Calculate the remainder when 763603 is divided by 41.
19
What is the remainder when 2108 is divided by 105?
8
Calculate the remainder when 1615 is divided by 12.
7
What is the remainder when 60315 is divided by 428?
395
What is the remainder when 1672135 is divided by 8?
7
What is the remainder when 135675 is divided by 5653?
3
What is the remainder when 2223 is divided by 918?
387
What is the remainder when 7096 is divided by 7084?
12
Calculate the remainder when 2958 is divided by 21.
18
Calculate the remainder when 113367 is divided by 10.
7
Calculate the remainder when 5973837 is divided by 194.
189
What is the remainder when 48037 is divided by 3992?
133
Calculate the remainder when 3619195 is divided by 11.
8
Calculate the remainder when 1396 is divided by 35.
31
What is the remainder when 38581 is divided by 576?
565
What is the remainder when 101103 is divided by 150?
3
Calculate the remainder when 8517 is divided by 405.
12
Calculate the remainder when 1484 is divided by 149.
143
Calculate the remainder when 43750 is divided by 193.
132
What is the remainder when 186496 is divided by 1187?
137
Calculate the remainder when 486983 is divided by 599.
595
What is the remainder when 622500 is divided by 102?
96
Calculate the remainder when 54139 is divided by 637.
631
Calculate the remainder when 15894 is divided by 98.
18
What is the remainder when 914 is divided by 301?
11
Calculate the remainder when 2486 is divided by 86.
78
Calculate the remainder when 873057 is divided by 218264.
1
Calculate the remainder when 400 is divided by 133.
1
What is the remainder when 1580 is divided by 102?
50
What is the remainder when 3395986 is divided by 10?
6
Calculate the remainder when 19785 is divided by 105.
45
Calculate the remainder when 119552 is divided by 567.
48